132?
33
Let m = 46723 - 46721. Let y = -19 - -45. Calculate the highest common divisor of m and y.
2
Suppose c = 7*c - 12. Suppose w = c*w. Suppose w = 5*k + k - 276. What is the greatest common factor of k and 23?
23
Let t be 1022/(2976/(-168) - -18). Calculate the greatest common divisor of 292 and t.
73
Let v(i) = 6*i - 12. Suppose -g = 7*g + 104. Let r be v(g). Let k = r + 200. Calculate the greatest common divisor of 44 and k.
22
Let m be ((-27)/(1053/1456))/((-2)/3 + 0). Calculate the greatest common divisor of 1106 and m.
14
Let u(o) = -3*o**2 - 65*o - 28. Suppose 7*b + 486 = -20*b. Let n be u(b). Calculate the greatest common factor of n and 68.
34
Let v(q) = -41*q - 14*q**2 - 18 + 54*q + 5*q**3 - 4*q**3. Let s be v(13). Let l be (6/s)/((-304)/(-102) - 3). Calculate the greatest common factor of l and 119.
17
Let u = -60 + 60. Suppose u*y - 96 = -3*y. What is the greatest common divisor of 104 and y?
8
Let u = 14492 - 14164. Calculate the highest common divisor of 184 and u.
8
Let r be (-18)/(-54) - 87698/(-39). What is the highest common factor of 865 and r?
173
Let l(g) = 8*g**3 + 10*g**2 + 25*g - 104. Let y be l(4). What is the greatest common divisor of 64 and y?
4
Let v(h) = -2*h**3 + 13*h**2 - 7*h + 14. Let y be v(6). Suppose y*j - 7 - 33 = 0. Suppose -43 = j*r - 313. Calculate the highest common divisor of 12 and r.
6
Suppose 30324*y - 30341*y + 4998 = 0. Suppose -84 = -4*n + 2*n. What is the greatest common factor of n and y?
42
Let k be -19 - (3 + (-12 - -8)). Let u be 54/(-5)*45/k. Calculate the highest common factor of u and 297.
27
Let w = 184891 + -184863. Let q be 0 + -1 + 1*127. What is the greatest common factor of w and q?
14
Let g(j) = j**3 - 32*j**2 + 4*j - 104. Let b be g(32). Calculate the greatest common factor of b and 27324.
12
Let c be (65 - (5 - 3)) + -3. Suppose 0 = -5*a + 3*n + 84, -69*a + 66*a - 4*n + 33 = 0. What is the greatest common divisor of a and c?
15
Let z = -34 - -51. Let x be -9*(3 + (-50)/15). Suppose 2*o - v + 87 = 222, x*v = -o + 71. Calculate the greatest common divisor of o and z.
17
Let y(k) = -k**2 - 18*k - 57. Let p be y(-13). Let i = 160 + p. What is the highest common factor of 24 and i?
24
Let z(m) = -2*m + 18. Let n be z(3). Let a(g) = -3*g**3 + 39*g**2 - 15*g + 13. Let i be a(n). Calculate the highest common factor of i and 53.
53
Let v(n) = 15*n - 107. Let l be v(8). Suppose l*f - 12*f = 49. Calculate the greatest common divisor of f and 14.
7
Let z = -65532 + 65536. Suppose -101 = -r + 5*f, 5*f - f + 442 = 5*r. Calculate the highest common divisor of r and z.
2
Suppose -2*w - 108 = -8*w. Let n = 15 - w. Let d be (17/(-3))/(-1*n/(-9)). Calculate the highest common divisor of d and 187.
17
Let g be (-56)/(-40)*95 - -7. Let q be 2/(-3)*(-1470)/g. Let m(c) = 3*c**2 - 2*c + 2. Let j be m(-3). What is the greatest common factor of j and q?
7
Suppose 5*w + f - 161 = 0, -2*w + 35*f = 34*f - 63. What is the highest common factor of w and 124?
4
Suppose 0 = -11*a + 54 - 21. Suppose r = 3*j + 381, 0 = -85*r + 90*r - 4*j - 1883. What is the highest common divisor of a and r?
3
Let k(q) = q**3 + 8*q**2 - 24. Let b(d) = -d**2 - 4*d - 9. Let u be b(-3). Let a be k(u). Calculate the greatest common factor of a and 368.
16
Let z = 219 + 7. Let s = z + -202. Calculate the highest common factor of s and 15.
3
Let u = -250 + 154. Let y = 98 + u. What is the highest common factor of 11 and y?
1
Let g be (6 + 0)/(1/6). Let x be ((-1)/(-3))/((-2)/(-108)) - 5. Suppose 450 = x*j + 12*j. Calculate the highest common factor of j and g.
18
Suppose 45 = -130*q + 121*q. Let c be ((-156)/q)/((-8)/(-20)). Calculate the highest common factor of c and 117.
39
Let s = 32 - 28. Suppose 0 = 9*x - s*x - 30. What is the highest common divisor of 6 and x?
6
Suppose -4*r + 3*h = -85, -48 - 22 = -3*r - 4*h. Let k(x) = -x**3 + 23*x**2 - 23*x + 27. Let n be k(r). Calculate the highest common divisor of n and 80.
5
Let h(z) = 129*z - 6162. Let d be h(48). Calculate the greatest common divisor of d and 50.
10
Let n = -3969 + 7105. What is the highest common factor of n and 28?
28
Let v = -31 + 61. Let y(j) = -13*j - 3 - 16*j + v*j. Let u be y(7). What is the highest common factor of 1 and u?
1
Suppose 3*l = 2*j + 2810, 0 = -97*l + 93*l + j + 3750. What is the highest common divisor of l and 804?
134
Let f(m) = 4*m**2 + 8*m - 1. Let g = 13 - 19. Let p be f(g). Suppose 860*r - 861*r = -38. What is the greatest common factor of r and p?
19
Let j(l) = -9*l + 1. Let v be (0/(-18))/(6 - 3). Let f be j(v). Calculate the highest common divisor of f and 71.
1
Let b = 52 - 1. Suppose 21 = -48*c + b*c. Suppose 12*d - c*d = 105. Calculate the highest common divisor of 21 and d.
21
Let l(v) = 11*v - 18. Let c be l(2). Suppose 3*m - 51 = -c*j, 5*m + 15 = j + 8*m. Calculate the highest common divisor of 12 and j.
12
Suppose 665 - 3140 = -3*f. Suppose 0 = -20*c - f + 4265. Calculate the greatest common factor of 12 and c.
4
Let i be 544/((-8)/(-4)) + -2. Suppose -2*p + 446 = 4*s, 59*p - 57*p + 418 = 4*s. Calculate the highest common divisor of s and i.
54
Let q = 2727 + -2567. What is the highest common factor of q and 340?
20
Let m = -4789 + 4833. Suppose 0 = -2*k - 20 + 104. Suppose s = 4*a - k, -5*a - 20 = -2*s - 71. Calculate the highest common divisor of m and a.
11
Suppose 0 = 3*m + 5*j - 31 - 1, 3*j - 24 = -3*m. Suppose 0*c - 240 = -m*c. Let g = 2264 + -2244. Calculate the greatest common divisor of g and c.
20
Let m be 2/4 + 231/(-154). Let w(v) = -153*v - 9. Let b be w(m). Calculate the greatest common divisor of 40 and b.
8
Let h(d) = 13*d + 10. Let z be h(-4). Let v = -18 - z. Suppose -4*t - 5*l = -139, -3*t + 2*t = 2*l - 34. What is the highest common factor of v and t?
12
Let j(a) = -2*a**2 + 36*a - 25. Let p be j(11). Let y = 1 + p. Calculate the highest common factor of y and 455.
65
Let r(b) = b**2 - 4*b - 5. Let d be r(-4). Let q be 26/(-1001)*21*-33. Calculate the greatest common factor of d and q.
9
Suppose 14 = -1803*o + 1795*o + 62. Calculate the highest common factor of 2260 and o.
2
Let o be (-4)/(-14) + 45780/294. What is the greatest common divisor of 1924 and o?
52
Let i = -5391 - -5919. What is the greatest common divisor of i and 30?
6
Let m = 496 + -262. Let a = m + -183. Calculate the highest common factor of 3 and a.
3
Suppose -5*d - 6 + 28 = -t, 5*d = 2*t + 19. Let s be -8*6*d/(-8). Let l(a) = -2893*a - 8667. Let m be l(-3). What is the greatest common divisor of m and s?
6
Let k be (-28)/518 - 890/(-37). Suppose -6*z - 5*c + 53 = -4*z, -3*z - 5*c = -77. Calculate the highest common factor of k and z.
24
Let l be (0 - (-2 + 1))*0. Let z(y) = -4*y + 25. Let j be z(l). What is the highest common divisor of j and 425?
25
Suppose 0 = -2*v - 0*v - 2, 2*q + v - 47 = 0. Let t(n) = n**2 - 16*n + 47. Let k be t(17). Calculate the greatest common factor of k and q.
8
Let l be -5 + 27/((-12)/(-4)) + -146. Let y = 192 + l. What is the greatest common divisor of 10 and y?
10
Let g(s) = 3*s + 5. Let r(t) = t**3 - 39*t**2 + 3. Let y be r(39). Let j be g(y). Calculate the highest common divisor of 896 and j.
14
Let t(d) = -d**2 + 37*d + 747. Let n be t(51). Calculate the greatest common factor of 17259 and n.
33
Let o(z) be the third derivative of z**5/15 - z**4/8 + 5*z**3/6 - 8*z**2. Let b be o(2). Calculate the greatest common factor of b and 20.
5
Suppose -11*g + 1925 = -6*g. Let t(x) = 53*x**2 + x + 3. Let r be t(-1). Calculate the highest common divisor of r and g.
55
Suppose 25 - 115 = -5*p. Let y be (-80)/(-24)*(-6)/(-4). Suppose y*u - 4*u = 45. Calculate the greatest common divisor of p and u.
9
Suppose -84*n - 46*n - 10*n + 240100 = 0. Calculate the highest common factor of 10 and n.
5
Suppose -36 = -7*u - 43. Let m be (1 - u)*-3 + 28. Calculate the highest common divisor of 154 and m.
22
Let i be -4*((-125)/10 - -3). Let b = 58 - i. Let s(u) = 17*u - 2. Let r be s(6). Calculate the highest common factor of r and b.
20
Suppose 4*u - 46 = -2*t, 93*u - 90*u = -4*t + 97. Calculate the highest common divisor of t and 200.
25
Suppose -4*v - m = -2954 - 2607, -2*v = 7*m - 2787. Calculate the greatest common divisor of 50 and v.
10
Let x = -1753 - -1847. Calculate the greatest common divisor of 4042 and x.
94
Suppose -5